.
-13
Evaluate 9 - (6 - (25 - 13 - 28)).
-13
Evaluate -14 + 4 + 5 + 12 - 12.
-5
Calculate -9 - -1 - (-39 - (-51 - -21)).
1
Evaluate (-5 - 0) + (-2 - 6) + 6.
-7
Calculate (0 - 7) + (3 + -8 - 2) + 9.
-5
-180 + 202 + -7 + -39
-24
Calculate -16 + 6 + -2 - -19.
7
-26 + 23 - (-5 - (4 - 15))
-9
Evaluate -46 + (-6 - -35) + -11.
-28
What is the value of -18 + (-5 + 20 - -15)?
12
What is the value of 5 - ((-5 - -8) + -8) - (-12 - -63)?
-41
What is the value of 10 + 0 + 311 + -319 - 6?
-4
What is the value of -3798 + 3814 + -2 + -35 + -2?
-23
What is 3 + -8 + 12 + -7 + 10?
10
What is (-4 - -6) + 3 + 0 + 1 + -12?
-6
What is the value of -22 + 4 + 5 + 12?
-1
Evaluate (2 - ((-1 - -5) + (-2 - 6))) + 6.
12
What is the value of 6 + -11 + (7 - -8) + -28?
-18
Evaluate -7 - 0 - (-9 + (11 - -4)).
-13
What is the value of 42 + -26 + -37 + (15 - 0)?
-6
21 + 9 + -16 - 31
-17
What is (2 + -11 - 2) + (17 - -40) + -54?
-8
Evaluate 12 + -5 + -23 + 18.
2
0 - (-6 + (-11 - -7 - (-5 + 6)))
11
What is -3 - ((-5 - (0 - (-6 + 6))) + 1)?
1
What is the value of 0 + (-3 - 5) - (-11 - 3)?
6
What is 6 + (4 - 6) - (-4 + -1 + 9)?
0
What is the value of 12 - (-13 + 35 - 7)?
-3
Evaluate 10 - ((19 - 12) + (-4 - 0) + 0).
7
263 - 246 - (1 - -37) - -20
-1
Evaluate 25 + -7 + -23 + (0 + 3 - -3).
1
What is the value of 5 + 16 + -1 + -24?
-4
What is the value of (87 - 36) + -6 - 11?
34
Calculate -37 - -100 - 0 - 40.
23
Calculate 1 + -22 + (5 - (3 - -1)) + 0.
-20
Calculate 1 + 0 + 10 + 4 + (-7 - -4).
12
What is 0 + 12 - (59 + -57)?
10
What is (-32 + 16 - -30) + -22?
-8
What is 0 - (-17 - (1 + -20))?
-2
Evaluate -48 + (14 - -2) + 27.
-5
Evaluate 43 + -51 + (0 - (3 - (-8 - -3))).
-16
What is -4 + -11 + (-3 - -10) + 16?
8
Evaluate -19 - (-20 + -6) - (-3 - -2).
8
What is the value of (7 - (-2 - (-6 - 0))) + -10 - 2?
-9
What is the value of (11 - 20 - -9 - -5) + -1?
4
Calculate -64 + (-7 - -37) + 34.
0
What is (-6 - -7) + 4 + -7 + 2 - 5?
-5
-2 + 5 + (3 + 1 + -5 - -12)
14
What is the value of (4 - (7 + 3)) + (15 + -12 - 13)?
-16
Calculate 10 + (2 - (2 - -3)).
7
Calculate 2 + -32 + (31 - (-27 - -50)).
-22
Evaluate 2 + 0 + -7 + 77 + -79.
-7
Calculate -3 + 7 + -3 + 7 + -7 + 14.
15
Calculate 9 + -9 + 7 + (3 - 18).
-8
Evaluate 10 - ((-9 - -17) + 3).
-1
What is 22 - (-9 + 17 + 2 + (1 - 10))?
21
What is (0 - -2) + (9 + -17 - -4) + -12?
-14
Evaluate 10 + (-12 - -10) - (2 + -5).
11
What is (1 - 2) + 3 + -6 + (7 - 11)?
-8
Calculate -14 - (10 - (2 - -3 - (-1 + 0))).
-18
What is (0 - (-2 - -1)) + 838 + -838 - -17?
18
-1 + 7 + (-7 - -4) - (-14 - -16)
1
What is the value of 8 + (-9 - 2) + 10 + -21?
-14
Evaluate (-2 + 28 - 5) + -6 + 20.
35
Calculate -65 + 73 + -5 + 2 + -1.
4
What is the value of -11 + 0 + (113 - 108) + (5 - 22)?
-23
Calculate 9 + (48 + -33 - 46).
-22
Calculate (-4 - 0) + (-473 - -493).
16
Calculate -3 + (2 - 25) + 41.
15
Evaluate -12 + 23 + 4 - (1 + (-2 - -7)).
9
What is (-8 + -5 + 3 - (8 + -10)) + -7?
-15
(16 - 21) + -1 + 0 + 5
-1
What is 128 - 165 - (-54 + 2)?
15
(-19 - 3) + (-110 - -138)
6
Evaluate 6 + -16 - (3 - 0 - 2).
-11
3 + -5 + 16 - (0 - 7 - -9)
12
Evaluate -7 + 1 - (39 + (-105 - -38)) - 10.
12
What is -14 - (-8 + (-12 - (-2 - 4)))?
0
What is 12 - (26 + -13) - -6?
5
What is the value of (-18 - (-1 - 32)) + (1 - -5)?
21
What is -1 + -25 + (-1 - -44)?
17
-29 + 12 + 10 + (-2 + 0 - -9)
0
Calculate 4 - (-1 - (-5 + -9)).
-9
What is -385 - -356 - (-1 + -10)?
-18
Calculate -1 + -5 - (1 + (-3 + 6 - 2)).
-8
What is the value of -3 + 6 + -12 + (29 - 7)?
13
Calculate -9 + 11 + -4 + 8.
6
What is the value of -20 - (0 + (-21 - -9) + 1)?
-9
Evaluate 34 + -20 + -1 + -19.
-6
Calculate 13 + -32 + 11 - (-4 - 6).
2
Calculate -24 - -19 - (2 - 9) - -4.
6
What is the value of 8 + (23 - (3 + 12 + -4))?
20
Calculate -46 + 31 + 6 + -1.
-10
What is the value of -2 - -9 - (24 - -3 - 22)?
2
Calculate 19 - 1 - (15 - -14).
-11
What is 1 + -3 - (19 + -33 + 7)?
5
What is -17 + 19 + 27 + -23 - (0 + -14)?
20
What is 14 + -41 + (14 + -13 - -11)?
-15
(36 - 21) + -42 + (1 - -2) + 0
-24
Evaluate 8 + (-344 - -342 - (-1 - -21)).
-14
What is -15 - (6 + -3 - 19)?
1
Calculate -19 - (-9 + -50 + 26).
14
What is -14 - -14 - (11 + 1 - 1)?
-11
Evaluate -18 + 17 + -12 + 12 + -9.
-10
Evaluate (2856 - 2907) + (0 - -30).
-21
23 + -37 + -13 - ((6 - 0) + -5)
-28
(-7 - (2 + -1)) + 0 + 3 + 1
-4
(35 - (0 - (-14 - 6))) + 17
32
What is the value of 23 + -29 + 9 - 1?
2
What is 32 + -25 + -1 - (3 + 27)?
-24
Evaluate (64 - 54) + (9 - 18).
1
What is (6 - (7 - (3 + -1) - 3)) + 8?
12
Calculate 16 + -27 + 11 + -14.
-14
Evaluate -9 + 1 + ((-1 - 11) + 8 - -4).
-8
-12 + 1 - (-2 + 1 + 6)
-16
What is the value of -54 - -52 - (-20 - (3 - 1))?
20
(21 - 26) + -21 - -21
-5
What is 18 - (0 + -5 - (-21 - (31 + -51)))?
22
Calculate (1 - -5) + (-4 - (-27 + 16)).
13
Calculate 0 + -4 - (-7 + 25 - 26).
4
What is (3 - 5) + (104 - 119)?
-17
Evaluate -9 - (-33 - -11) - (28 + 5).
-20
Calculate ((31 - 16) + 4 - 28) + 0.
-9
(-8 - -9) + -1 + 1 + (4 - 7)
-2
Calculate 15 + (27 - 30) + -6.
6
-3 + 25 + (-4 + -2 - (-4 - 2))
22
What is the value of -27 - ((-40 - -17) + 18)?
-22
What is the value of (-31 - (5 - (-1 + 8))) + -4 + 2?
-31
What is the value of -77 + 35 - (-4 - (0 - 1) - 5)?
-34
What is the value of 20 + -12 + 26 - 65?
-31
What is 14 + (-3 - 26) + -8?
-23
47 - (-44 + 8 + 53)
30
What is the value of (23 + -28 - (6 + -2)) + 2?
-7
What is 0 + 1 + (-11 - -6) + 7 + -3?
0
What is 10 + -2 + 5 + 6?
19
-6 + -1 + 2 - (149 - 153)
-1
Calculate -24 - -22 - ((-4 - -1) + 3).
-2
Evaluate (-1 - 11) + (9 + (-7 - -8) - 19).
-21
What is the value of 5 - 38 - (-7 - 14)?
-12
Calculate 9 + -7 - (51 - 33).
-16
(-4 - -7 - -34) + (8 - (23 - 8))
30
-3 + 9 + -10 + 9 - (-4 - -20)
-11
(0 - 11) + 6 - (2 - 11)
4
What is -18 - (-7 + (-2 - -4 - (-10 - -14)))?
-9
What is 18 + 2 - (-199 - -219)?
0
What is 32 + -7 + 15 + -9?
31
(-4 + -5 - -7) + 1 + 10
9
Calculate -13 + 18 + (2 - 0 - 25).
-18
What is the value of -1 - (4 - (-3 - (-1 + (6 - 4))))?
-9
What is 10 - (-22 + 35 - 8)?
5
Evaluate -42 - (16 + -40 + -2 + 8).
-24
Calculate ((1 - 2) + 1 - -1) + (120 - 102).
19
What is the value of -4 + 1 + 4 + -41 + 47?
7
(-8 - (-20 + 8)) + 3
7
Evaluate 51 + (61 + -26 - 63).
23
What is -132 + 112 - (4 - 43)?
19
Evaluate (39 - 101) + 57 + (13 - 1).
7
(-6 - -2) + (-4 - (-3 - -1)) - 6
-12
What is -10 - -12 - (10 - (0 - (-2 - 0)))?
-6
Calculate 36 - (13 + -4 + -1) - 10.
18
12 + (-1 - 15 - -13) - (0 - 20)
29
What is (-4 - 0) + 2 + (47 - 44)?
1
What is the value of (-38 - 2) + 10 - (-17 + -2 + 7)?
-18
What is -5 + 10 + -6 - (1 + (-1 - -8))?
-9
Calculate (15 - 4) + -3 + -1 + 5.
12
Calculate 26 + 5 - (-34 - -53).
12
What is the value of (7 - -17) + -25 + (-3 + 0 - -15)?
11
0 + 9 + (-65 - -60)
4
11 - (-4 + (-4 - -2) + 44)
-27
Calculate 13 + 24 + -62 + 60.
35
What is the value of -41 + 29 - (5 + (4 - 21))?
0
Evaluate -3 - (-33 + -8 + 6).
32
What is 32 + (-68 - -29) + (-1 + 36 - 2)?
26
3 + 31 + 1 + (157 - 171)
21
What is 31 - ((15 - -3) + -5)?
18
What is -11 + (-4 - -6) + 20 - -11?
22
Calculate 1 - (2 - (-8 - -22)) - (3 + -2).
12
(62 - 111) + 52 + -10
-7
-14 - -42 - 37 - (2 - 14)
3
What is the value of 9 + (17 - 41) - 3?
-18
What is 5 + -6 + 5 + (14 - 9)?
9
What is the value of -6 - (5 + -27 + 2 - -4)?
10
What is the value of (2 - 0) + (-16 - (-9 - 13)) - -6?
14
Calculate -9 + (-10 - -15) - -10.
6
What is the value of (-3 - (4 - -1 - 21)) + -9?
4
Calculate -1 + -8 + (41 - (27 + -11)).
16
Calculate 3 + -9 + (-7 - -16) - (0 + 0).
3
Evaluate 7 - (13 + (5 - 5) + 4).
-10
What is the value of (-1 - -23) + 54 + -73?
3
-11 - (20 - 4 - 30)
3
Calculate -15 - (-1 + 2 + -12) - (2 + 5).
-11
What is (79 - 100) + -1 + 15?
-7
What is the value of 29 - (-7 - -22) - (-2 + -3)?
19
Calculate -1 + 1 + 11 + -17 + 9 + -4.
-1
Calculate -8 - (-1 + -8) - (6 - (-4 - -4)).
-5
-26 + 2 - ((-11 - -2) + 13 + -8)
-20
Calculate -5 + -1 + (-10 - (30 - 28)) - 7.
-25
Calculate -43 + 44 + ((-1 - 1) + 7 - 0).
6
Evaluate (-25 - (21 + -30)) + 30.
14
Evaluate 18 + -2 + (-5 - 3).
8
Evaluate 0 + -3 + (40 - -6 - 35).
8
Evaluate 8 - -2 - (2 + (1 - 5)).
12
What is the value of -2 + -6 + (-10 - -22) + -5?
-1
Evaluate 10 - ((3 - 10) + -1 + 5).
13
6 + 46 + -50 + 1 + 4 + 0
7
What is the value of 2 + -15 - ((43 - 18) + -34)?
-4
What is (4 - (-11 - -10)) + 1 + -1?
5
Calculate -4 -